 is the remainder when d is divided by g?
9
Let m = -93 - -87. Calculate the remainder when (m - (-76)/(-20))*-5 is divided by 27.
22
Suppose 3010 = 111*h - 11642. What is the remainder when 1707 is divided by h?
123
Suppose 5*h - 6350 = 5*q, -5*q = 32 - 7. What is the remainder when 3802 is divided by h?
7
Suppose 3*m = 3*g - 1071, 84*g - 83*g + 2*m = 372. Calculate the remainder when g is divided by 64.
42
Let m = -59 - -69. Suppose 8*u - 2*h + m = 6*u, 4*u + 4*h = 20. Suppose 5*a - 15 = u, -i - a - 77 = -3*i. Calculate the remainder when i is divided by 11.
7
Let w(r) = 6*r**2 + 9*r**2 + 14*r**2 - 12*r - 32*r**2. Let d be w(-5). Let m = d - -32. What is the remainder when 27 is divided by m?
10
Suppose 26*p + 24600 = 108*p. What is the remainder when p is divided by 159?
141
Suppose -468*s = -472*s + 28. Suppose -23 = -s*g + 278. What is the remainder when 167 is divided by g?
38
Calculate the remainder when 117 + 381 - (-12)/3 is divided by 245.
12
Suppose 1068 = 435*j - 434*j. What is the remainder when j is divided by 71?
3
Suppose 3005 - 1 = 19*i - 1822. Calculate the remainder when i is divided by (12/(-9))/((-2)/78).
46
Suppose -93*h + 592 = -101*h. Let c = h + 197. Suppose 5*i + 28 = 3*s - 36, -5*i - 10 = 0. What is the remainder when c is divided by s?
15
What is the remainder when 1328 is divided by (-219)/(-3) - (-5)/2*(-936)/390?
55
Suppose -314*h - 10842 = -318*h + 5*r, -3*r - 10846 = -4*h. Calculate the remainder when h is divided by 31.
16
Suppose -10*b = -5*b. Suppose 3*r = 3, b*h - 5*h + r = -24. Suppose h*n + 4*l = 111, -4*n + 32 + 40 = -l. Calculate the remainder when 30 is divided by n.
11
Let p(t) = 4*t**2 - 5*t - 8. Suppose -13 = -2*h - 5*f + 10, 17 = 2*h + 3*f. What is the remainder when 214 is divided by p(h)?
34
Let a(b) = 15*b**2 - 1. Let d be (18/9)/((-4)/(-1842)). Suppose 24*v = 1071 + d. What is the remainder when v is divided by a(-1)?
13
Suppose -250 = -2*x + 2*v, 2537*x - 2533*x - 5*v = 498. What is the remainder when 2028 is divided by x?
123
Suppose -4*f + 15594 + 8347 = j, -4*f = 4*j - 23944. What is the remainder when f is divided by 73?
72
Suppose -13*i - 2*r - 560 = -16*i, -4*i = 5*r - 785. What is the remainder when i is divided by 95?
0
Suppose 1547*u + 871 = 1560*u. Calculate the remainder when 333 is divided by u.
65
Suppose 3*b - 11 = -2*m, 6 = 15*b - 14*b + 3*m. Suppose -3*k = -2*f + f - 1, 11 = 5*k + b*f. What is the remainder when 4 is divided by k?
0
Suppose -35 = -6*t - 11. Suppose -t*z - 25 = -37. Suppose -5*a + 56 = z*s, 7*s - 2*s - a - 112 = 0. What is the remainder when s is divided by 12?
10
Let y(i) be the second derivative of -i**5/20 + i**4 - 17*i**3/6 - 13*i**2 + 161*i - 2. What is the remainder when y(9) is divided by 35?
29
Let x = 440 + 786. Calculate the remainder when x is divided by 137.
130
Suppose 5*o - 9*o + 108 = 0. Suppose -11*z = -o - 39. Suppose -5*k + 5 = 0, z*n - n - 500 = -5*k. Calculate the remainder when n is divided by 17.
14
Let j = 2425 - 2333. Calculate the remainder when 182 is divided by j.
90
Suppose 0 = -9*b + 6*b + 2*m + 1039, -2*b - 5*m + 699 = 0. What is the remainder when b is divided by 31?
6
Suppose 1566*r = 1563*r + 2169. Suppose r = 5*x - 4*m, 304 - 19 = 2*x - 3*m. What is the remainder when x is divided by 5?
2
Suppose 0 = 2*p - 5*p + 90. Suppose p = 5*a - 0. What is the remainder when (-2)/a*(-412 - 11) is divided by 24?
21
Suppose 28*p = 131 + 1129. What is the remainder when 144 is divided by p?
9
Suppose -11*g - 372 = -17*g. Suppose -g*n + 2264 = -1580. Calculate the remainder when 246 is divided by n.
60
Let r(u) = 1290*u**2 + 84*u - 186. Calculate the remainder when r(2) is divided by 21.
18
Let o be (-135)/21 + (-3)/(-7). Let v(s) = s + 8. Calculate the remainder when v(o) is divided by ((-2)/6)/((-2)/6).
0
Suppose 33*d = 2996 + 598 - 855. What is the remainder when d is divided by 69?
14
Suppose 0 = -136*t + 153*t - 1862 - 9987. What is the remainder when t is divided by 315?
67
Calculate the remainder when 9519 is divided by 2/(-62) + (-47439)/(-279).
169
Let n(g) = 2*g - 302 + 299 + 49*g**2 - 5*g**2 - 3*g + 92*g**2. Calculate the remainder when n(2) is divided by 15.
14
Let v = 23985 + -23292. What is the remainder when 2783 is divided by v?
11
What is the remainder when (-140)/8*(-317736)/540 is divided by 20?
17
Let t = 3462 - 1196. What is the remainder when t is divided by 10?
6
Let j(b) = -b**3 - 27*b**2 - 29*b - 63. Let w be j(-26). Suppose -13*v = -w*v + 4. What is the remainder when 17 is divided by v?
1
Suppose -2*d - g = 0, -d = -2*g + 5*g + 5. Let r be 29 - 1*(-1 - d). Let o = r - 24. Calculate the remainder when 46 is divided by o.
4
Let q be ((-11)/44*3)/((-2)/72). Suppose 5*m - 182 + q = -5*y, 0 = 3*y - 9. What is the remainder when 74 is divided by m?
18
Let w(s) = 5*s + 10. Calculate the remainder when 403 is divided by w(1).
13
Suppose 0 = -2*f + 5*f - 465. Suppose 0 = 2*m - 7*m + f. Let x = -55669 - -55761. What is the remainder when x is divided by m?
30
Suppose -8*k - 5 + 101 = 0. Suppose 11*w - k = 21. Calculate the remainder when (6/5)/((-3)/(-20)) is divided by w.
2
Suppose -107*f + 17395 = 4876. What is the remainder when 11112 is divided by f?
114
Let y(k) = 2*k + 20. Suppose 8*o = 10*o + 18. Let x be y(o). Suppose -x*h = 2*h - 172. Calculate the remainder when h is divided by 23.
20
Let n = 439 - 274. Let v = 262 + -248. What is the remainder when n is divided by v?
11
Let x(a) = -2*a - 36 - 4*a - 6*a + 2*a. Calculate the remainder when x(-10) is divided by 11.
9
Let x = 17481 + -16191. Calculate the remainder when x is divided by 61.
9
Suppose 24*t = 28*t + 3*x - 856, -1043 = -5*t + 3*x. Let n(d) = 8*d**2 - d + 6. Let r be n(3). Let q = r - 22. What is the remainder when t is divided by q?
52
Let l = -1667 - -3677. Suppose 2*m - 385 = x + 1627, l = 2*m - 2*x. What is the remainder when m is divided by 56?
55
Calculate the remainder when 141 is divided by (110/33)/(4/48).
21
Let t = 496 - 493. Suppose -t = 3*c, 2*c + 9 = h - c. What is the remainder when 286 is divided by h?
4
Let s(f) be the second derivative of -4*f**5/5 + f**4/12 + f**3/6 + f**2 + 43*f + 2. Let v = -25 + 23. Calculate the remainder when s(v) is divided by 27.
24
Let v = -4666 + 4717. What is the remainder when 98 is divided by v?
47
Let f = -341 - -492. Let m = -9 - 6. Calculate the remainder when f is divided by 59/4 - m/(-20).
11
Suppose -24 = 2*s + 2*a, -s - 2*a = -2*s - 12. Let k be 30/s + 3 - (-5718)/4. What is the remainder when (6/(-5))/((-13)/(k/4)) is divided by 12?
9
Let k(j) = -26*j + 166. Let l be k(5). Suppose -3*x - 2*u + 23 = 0, -x = -9*u + 4*u - l. Calculate the remainder when 22 is divided by x.
0
Let m(j) = -j**3 + 3*j**2 + 5*j + 1. Let f = -408 + 413. Suppose -353 + 248 = -f*z. What is the remainder when z is divided by m(4)?
1
Let i = -28 + 46. Let b = -2398 - -2467. What is the remainder when b is divided by i?
15
Let g(m) = -m**3 - 5*m**2 - m - 7. Let j(q) = -15*q + 9. Suppose -6*r = -5*r. What is the remainder when g(-6) is divided by j(r)?
8
Let w = -17816 + 19488. What is the remainder when 5019 is divided by w?
3
Suppose -107*o + 116*o = 3528. Let u = -375 + o. Calculate the remainder when u is divided by 4.
1
Let z(g) = -2*g**2 + 11*g. Let n be z(5). Suppose n*j - 32 = j. Suppose -3*b + 2 = m - 2*m, -b - 21 = -2*m. What is the remainder when m is divided by j?
5
Suppose 5*v - 196 = -2*n, 364 = 4*n + v - 5*v. Let f = n + -93. Suppose -4*t + 8*t - 12 = f. What is the remainder when 3 is divided by t?
0
Calculate the remainder when 3304 is divided by 234/8*(-184)/(-138).
28
Suppose -2 = -2*k, -2 = -h - 5*k + 29. Calculate the remainder when (-1468)/(-20) + (-1)/(-5)*3 is divided by h.
22
Suppose 0 = 3*z - 2*h - 500, 32*z - 512 = 29*z - 4*h. Calculate the remainder when 1165 is divided by z.
157
Let d be (34/(-3))/((-16)/24). Suppose -3*t - d + 56 = 0. What is the remainder when (-5)/(10/48)*-1 is divided by t?
11
Let n(w) = -4*w + 7. Let v = 433 + -428. Suppose -5*m - v*t = -4*t - 97, -t + 21 = m. What is the remainder when n(-7) is divided by m?
16
Let l = 17 - 11. What is the remainder when 108 is divided by (-5 - -107)/(-3)*l/(-4)?
6
Suppose -g + d + 205 = 0, -175 = -3*g + d + 432. Calculate the remainder when 753 